e prime factors of j(x).
41
Suppose -4*d + 16 = -16. Let k(r) = 24*r + 34. What are the prime factors of k(d)?
2, 113
Let b be (15/(-3))/(-5)*28. List the prime factors of b*((-405)/20)/(-9).
3, 7
Let f be 78/30 - (-4)/10. Suppose -5*n - i + 941 = 0, f*n = -6*i + i + 547. List the prime factors of n.
3, 7
Suppose -47*x - 42443 = -173338. What are the prime factors of x?
5, 557
Let h(d) = d**2 - d + 1. List the prime factors of h(-10).
3, 37
Let q(t) = 12*t**2 - 53*t - 30. What are the prime factors of q(-12)?
2, 3, 389
Let b = 9 + -9. Suppose 4*n - w + 3*w = 0, 5*w = b. Suppose n = -3*s - 3*s + 306. What are the prime factors of s?
3, 17
Suppose -4*q + 3271 = 5*v, -2*q + 1639 = 6*v - 7*v. What are the prime factors of q?
3, 7, 13
Suppose 8*z + 32 = -0. List the prime factors of (34/5)/(z/(-10)).
17
What are the prime factors of (132/(-110))/(3/(-640))?
2
Suppose 2*t = 10*t - 8912. List the prime factors of t.
2, 557
Suppose -6*m - 21 = m. List the prime factors of m/3*-3*(-138)/(-3).
2, 3, 23
Let l(i) = i**3 - i**2 - i + 28. Let p be l(0). Let a = 71 - p. What are the prime factors of a?
43
Let w be 2 - -8 - 0/3. Suppose 1071 = w*y + 131. List the prime factors of y.
2, 47
Let b(g) be the first derivative of 91*g**3/3 + g**2 - 2*g - 3. What are the prime factors of b(1)?
7, 13
Let b(s) = s**2 + 3*s + 3*s**2 - s**3 - 4 - 5*s**2. Let y be b(-3). Suppose 3*u = -y*n + 153, 4*n - 5*u = 112 + 3. What are the prime factors of n?
2, 3, 5
Let m = 110 - 117. Let k = 16 - 5. Let s = k + m. List the prime factors of s.
2
Let i be (-1 + 0)*(-3 - -3). Suppose -r + i*r = 3*l - 275, 3*l = 3. List the prime factors of r.
2, 17
Suppose -20*u + 18*u - 102 = 0. Let b = 143 + u. List the prime factors of b.
2, 23
Let t = -21 - -54. Let x(z) = 3*z**2 + 1. Let g be x(-1). Suppose -g*k + t = 2*h + k, 5*h = -2*k + 72. What are the prime factors of h?
2, 7
Let u = -768 - -1158. Suppose 3*p - 34 = -f + 28, 5*f - u = p. What are the prime factors of f?
7, 11
Let d(i) = 5*i**2 - 9*i + 40. Let v be 2*4*35/40. List the prime factors of d(v).
2, 3, 37
List the prime factors of 22 + (-2 - 4)*1.
2
Suppose 0 = -15*n - 60*n + 216975. List the prime factors of n.
11, 263
Let k(l) = l**3 + 4*l**2 - l + 1. Let d be k(-2). Suppose d = x - 2. Let n = 34 - x. List the prime factors of n.
3, 7
Let a(x) = -x**3 + 11*x**2 - 8*x + 4. Let y be a(10). List the prime factors of 30/8 - y/32.
3
Let b = -27 + 42. What are the prime factors of (4 + 12/5)*b?
2, 3
Let p = -483 - -1030. What are the prime factors of p?
547
Let o(j) = 7 + j**2 - 5 + 12*j + 2. Let u be o(-10). Let r = 2 - u. What are the prime factors of r?
2, 3
Let d be 52 - (1 + 4*(-1 + 0)). Let a be (0 + -4)*1/(-2). Suppose 0 = a*b - 51 - d. List the prime factors of b.
53
Let r(j) = -j + 8. Let k be r(-10). Let i(b) = b**2 - 11*b - 5. Let w be i(11). Let v = w + k. What are the prime factors of v?
13
Let j = -2099 + 4342. What are the prime factors of j?
2243
Suppose 5*v = -w - 21, -2*v - v + 5*w = 7. Let h(l) = -l**3 - 2*l**2 + l + 1. What are the prime factors of h(v)?
29
Let a(p) = p**3 + 6*p**2 - 7*p - 21. Let b(k) = -k**2 - k - 1. Let i(o) = a(o) - 3*b(o). List the prime factors of i(-9).
2, 3
Let y be 10/(-4)*(-8)/5. Suppose 2*g = -3*f + 122, 0 = g - 5*g - y*f + 248. List the prime factors of g.
2
Let a = -28 - -206. List the prime factors of a.
2, 89
Let z(o) = o**3 + 3*o**2 - 5*o - 1. Suppose -2*q - k = 3, q = -5*k + 17 - 5. List the prime factors of z(q).
2, 7
Suppose 0 = -2*h + 3*l - 15, 13 + 12 = 5*l. Suppose -5*u = -r + 37, -5*u + 48 = 4*r - h*r. List the prime factors of r.
17
Let q = 2 + 7. Suppose 9*s = 8*s + 2. Suppose q = l + s. List the prime factors of l.
7
List the prime factors of (0 - (-2)/(-6))*-87.
29
Let c be (-1)/(-7) + 200/(-28). Let q(a) = a**2 - 6*a + 2. Let k be q(c). Suppose 7*m - k = 4*m. What are the prime factors of m?
31
Suppose -20 = -l - 4*l. Let o be l + 9*(-4)/(-12). Let b(z) = z**3 - 6*z**2 - 4*z + 1. List the prime factors of b(o).
2, 11
Let o be -1*(2 + 0) + -38. Let r(j) = -2*j**3 - 2*j**2 - 2*j + 2. Let b be r(2). Let v = b - o. What are the prime factors of v?
2, 7
Let a(r) = r**3 + 6*r**2 - 9*r + 6. Suppose -19*n + 21 = -22*n. List the prime factors of a(n).
2, 5
Let d(f) = f**3 - 5*f**2 + 6*f - 1. Let r be d(4). Let h(p) = -p**3 + 7*p**2 + 5*p + 6. Let q be h(r). Let t = 4 + q. List the prime factors of t.
3, 5
Let v be (-4 + 88)/4*5. What are the prime factors of (-1)/4 - v/(-20)?
5
Let l = -442 - -1201. What are the prime factors of l?
3, 11, 23
Let n(j) = -j**3 + 2*j**2 - 1. Let c be n(-1). Suppose c*k - k = 2. Suppose 2*t + 3*i = 40, -k*i + 90 = 5*t + 3*i. What are the prime factors of t?
2, 7
Suppose 4*y + y = -285. Let n = y - -171. What are the prime factors of n?
2, 3, 19
Let s = -26 - -48. Let f(o) = 13*o - 51. List the prime factors of f(s).
5, 47
Let y = 5742 + -3965. What are the prime factors of y?
1777
Let o = 4059 - 2189. List the prime factors of o.
2, 5, 11, 17
Let y(l) = -5*l + 1. Let s(w) = -w**3 + 6*w**2 + 3*w + 8. Let c be s(7). What are the prime factors of y(c)?
101
Let q(y) be the second derivative of -29*y**3/3 - 6*y**2 + 17*y. List the prime factors of q(-4).
2, 5, 11
Suppose -7*i + 12*i = 2210. What are the prime factors of i?
2, 13, 17
Let h = -378 + 475. What are the prime factors of h?
97
Let v(c) = 60*c - 83. List the prime factors of v(7).
337
Let f = 7188 + -4951. What are the prime factors of f?
2237
List the prime factors of 384 - -1*(-8)/4.
2, 191
Let r(y) = y**3 - 6*y**2 + 9*y - 2. Let s be r(4). Let f be -1 + 39 + 4/s. Suppose f = 4*g - 3*t, -g + t = g - 20. List the prime factors of g.
2, 5
Let l(h) = h + 9. Let z be l(-8). Let n = z + -4. Let r = n + 13. List the prime factors of r.
2, 5
Let z(w) = -3*w - 2 + 0 + 5 + 13*w**2. Let a be z(-3). Suppose -i - 96 = -4*i - 3*x, 4*i + 5*x = a. What are the prime factors of i?
31
What are the prime factors of (-1 + 133/28)/((-2)/(-344))?
3, 5, 43
Suppose 0 = 5*c + 4*m - 55, c + 2*c + 4 = 5*m. Suppose c*r - 9*r = -186. What are the prime factors of r?
3, 31
Let v be 262/6*3/1. Let r = v - 92. List the prime factors of r.
3, 13
Let n(d) = 9*d**2 + 0*d**3 + d**3 + d**2 - 12*d + 21*d + 9. List the prime factors of n(-7).
3, 31
Let g(c) = 235*c + 28. What are the prime factors of g(7)?
7, 239
Suppose -1209 = -23*v + 884. Suppose -v = -4*z + 361. What are the prime factors of z?
113
Let p(l) = l**3 + 10*l**2 + 8*l - 3. Let r be p(-7). Suppose -8*g + r = -4*g. What are the prime factors of g?
2, 11
Suppose -f = 5*o + 2*f + 35, f - 11 = 4*o. List the prime factors of 6 + o/(-3)*3.
2, 5
Let q = 492 - -233. What are the prime factors of q?
5, 29
Let f = 1329 - 850. List the prime factors of f.
479
Suppose 2*k = -0*k + 84. What are the prime factors of (-4 + 3 - k)*-1?
43
Let t = -33 + 31. List the prime factors of (-47)/t - (2 + 6/(-4)).
23
Suppose 444*z + 330 = 447*z. What are the prime factors of z?
2, 5, 11
Suppose 0 = -9*j - 122 + 1454. What are the prime factors of j?
2, 37
Let h(p) = p**2 + 11*p + 111. List the prime factors of h(-12).
3, 41
List the prime factors of 29 - 25 - (-951 - -3).
2, 7, 17
What are the prime factors of (-6)/8 + (-46917)/(-156)?
2, 3, 5
Let b = -42 + 37. What are the prime factors of 127/((-2)/(10/b))?
127
Suppose -4*k + 986 = 5*p, k + 40 = 4*p + 276. List the prime factors of k.
2, 61
Let g(j) = j**2 - 5*j - 19. What are the prime factors of g(20)?
281
Suppose 2 + 40 = -6*u. Let t(l) = -l - 10. Let o be t(u). List the prime factors of 10/15 - 97/o.
3, 11
Suppose -9*u - 1364 = -3749. What are the prime factors of u?
5, 53
Let y(m) be the first derivative of -m**3/3 + 8*m**2 - 6*m - 1. Let c be ((-28)/(-98))/((-144)/147 + 1). What are the prime factors of y(c)?
2, 11
Let f(n) = -2*n**3 + 3*n**2 - 2. Let p be f(2). Let j(s) = -s**3 - 7*s**2 - 8*s + 2. Let o be j(p). Suppose -2*k = -k - o. What are the prime factors of k?
2, 7
Suppose w = 2*y - 2*w - 255, 5*w = 2*y - 265. Suppose g - y = 24. List the prime factors of g.
2, 3
Let p(f) = -6*f + 63. Let w be p(10). Suppose 0 = w*z + 18 - 510. List the prime factors of z.
2, 41
Let u = 33 - 15. Suppose u*l - 816 = 6*l. What are the prime factors of l?
2, 17
Suppose -46*p = -47*p + 34. What are the prime factors of p?
2, 17
Let i(b) = 